e d(1). Let l = j + -2. What is the units digit of (1/l)/(4/(-72))?
6
Let w(r) = -3*r**2 - r + 126. What is the hundreds digit of w(0)?
1
What is the units digit of -4*(2 + -3) - -89?
3
Let c = -3 + 93. What is the tens digit of c?
9
Let w be (2 - 0) + 0 + -2. Suppose -4*f + 2*f + 6 = w. Let i = f + 4. What is the units digit of i?
7
Suppose -1 = -f + 3*d, -2*f + 0*f = 3*d - 11. Suppose m + 15 = f*m. What is the units digit of m?
5
Suppose 5*s + b = -2*b + 13, 6 = 2*s + b. Suppose -7*z + 2*z = s*p - 95, 5*z + 3*p = 89. What is the units digit of z?
6
Suppose 2*o + 3*d + 4 = -7, -o - d = 3. Suppose o*f = 2*c + 12, 5*c - 3 = 2*f - 15. Suppose h + 1 = f. What is the units digit of h?
5
Suppose -4 = i - 0*i. Let j(q) = 14*q**3 - 12*q**2 - 3*q + 23. Let z(k) = 5*k**3 - 4*k**2 - k + 8. Let t(w) = 6*j(w) - 17*z(w). What is the units digit of t(i)?
6
Suppose 0*d + 4 = 2*z - 3*d, 0 = -3*z + 4*d + 5. Let u(m) be the second derivative of -4*m**3/3 + m**2/2 + m. What is the units digit of u(z)?
9
Suppose -4*o + 22 = -2*o. Suppose 4*u = 17 + o. What is the units digit of u?
7
Suppose 0 = 4*t - 29 + 9. Suppose 5*y = -2*h + 25, 2*y - 10 = -h + 2*h. Suppose 25 = y*g, -5*i - t*g + 28 = -7. What is the units digit of i?
2
Let w(o) = -3*o + 6 + 0*o + 2*o. Let q be w(3). Suppose -4*f + 52 = 3*r, 4*r - 71 - 15 = q*f. What is the tens digit of r?
2
Suppose 0 = k + 5, 2*k = -2*r - k - 33. Let t = 17 + r. What is the units digit of t?
8
Let l be -1 - (2 - 3) - -2. Suppose -z - 2 = 5*c, -z = l*c - 4*z - 6. Suppose -2*f + c*m + 14 = -3*m, -2*m = 8. What is the units digit of f?
1
Let z(p) = -p**2 - 2*p + 2. Let b be z(-2). Suppose -3*v + 40 = -r, 4*v = -r + b*r + 55. What is the units digit of v?
5
Let h = 143 - 0. What is the units digit of h?
3
What is the tens digit of 1/(-4) - (-85)/4?
2
Suppose 3*f + 76 = -4*v, -v = -5*v - 2*f - 72. Let i = 26 + v. What is the units digit of (-2)/5 + 34/i?
3
Suppose 2*n + 2*p = -n + 308, 4*p = 4*n - 424. What is the tens digit of n?
0
Let a(c) = c - 1. Let t be a(-3). Let n(g) = -4*g. What is the units digit of n(t)?
6
Let m(k) = -2 - 8*k + 1 - k**2 + 1. What is the tens digit of m(-6)?
1
Suppose -7*x - 5 = -2*x. Suppose 4*g + p + 32 = -0*p, 4*p = 0. What is the units digit of (g/(-2) - x) + 0?
5
Let m(t) be the first derivative of 3*t**2/2 - 3*t - 2. Let o be m(2). Suppose -7 = -o*i - 1. What is the units digit of i?
2
What is the tens digit of ((-3 - -4) + -79)*(-2)/4?
3
What is the units digit of 3/(-6) + 55/2?
7
Suppose 19 = 4*x + 7. What is the units digit of (0 - (x - 0)) + 34?
1
Let l(p) = p**2 - 15*p + 310. What is the hundreds digit of l(0)?
3
Let b = -7 - -10. Let p be 5/3*b/(-1). Let g = -2 - p. What is the units digit of g?
3
Let o be (6 - 4)*30/(-4). Let u be (o/1)/(0 - 1). Let c = u + -9. What is the units digit of c?
6
Let c be (-4 - 2)/(1 + 0). Suppose -41 = 2*n + 2*n - 3*h, 5*n + h + 56 = 0. Let w = c - n. What is the units digit of w?
5
Let w(b) = 2*b + 4. Let r be (-12)/3 + 2 + -1. Let v be r - 2*(-1 - 2). What is the tens digit of w(v)?
1
Suppose -3*c + 509 = 4*g, 78 - 212 = -g - 3*c. What is the units digit of g?
5
Suppose 0 = -5*c + 3*c - 36. Let h be 4/(-6)*c/12. What is the units digit of -1 - 2/(0 - h)?
1
Let s(f) = -2*f**3 - 4. What is the tens digit of s(-3)?
5
Let f = -4 - -6. Suppose 17 = f*g - 23. What is the units digit of g?
0
Let p be (-7)/(-3) - 22/(-33). Suppose 2*w + 5 = -3*j, 3*w + 8*j = 4*j - 6. Suppose -2*b + 5 = p*b, -2*n + 10 = -w*b. What is the units digit of n?
6
Let b be (-208)/12 + (-4)/6. Let o = 40 + b. Suppose -3*f + o = j - 0*j, -4*f - j + 30 = 0. What is the units digit of f?
8
What is the tens digit of ((-4)/10)/((-1)/55)?
2
What is the units digit of (14/6)/((-12)/(-216))?
2
Suppose 0 = 6*w + 6 - 24. What is the units digit of w?
3
Let w = 1 + 7. Suppose -v + w = -6. What is the units digit of v?
4
Let j = -11 - -16. What is the units digit of -2 - j/((-10)/28)?
2
Let r(z) = -z**3 - 2*z**2 + 2*z + 2. Let x be r(-2). Let n be x*(-1 + (-3)/6). What is the units digit of n*(3/3)/3?
1
Let u be (-11)/66 - 259/(-6). Suppose u = -5*b + 13. Let m = 1 - b. What is the units digit of m?
7
Let k be (15 - 0 - 0)*3. Suppose -z = -4*z + k. What is the tens digit of z?
1
Suppose -3*s - 47 = -4*b, 0*b = s - 3*b + 24. What is the units digit of (-2)/3*s/6?
1
Let l be (1 - -2 - 6)*92. What is the tens digit of l/(-27) + 4/(-18)?
1
Suppose 0 = -2*j + 4*c + 16 - 6, 0 = 4*j + 5*c - 7. What is the units digit of j?
3
Let d = 36 - -96. What is the tens digit of d?
3
Let c be 6/(-15) + (-52)/20. Let u be 1/((c - 0)/15). What is the units digit of 3/(-3)*1*u?
5
Let h(s) = s**2 - 2*s. Let x be h(3). What is the units digit of 1 - x - (-10 + 1)?
7
Let w be 2/2 + -4 + 63. Suppose 2*s + 6 = 2*v - 20, 5*v - w = 4*s. What is the units digit of v?
8
Let i(n) = -7*n - 2. Let s(a) = -13*a - 3. Let y(u) = -7*i(u) + 3*s(u). What is the tens digit of y(4)?
4
Let x(k) = k**2 + 2*k - 9. What is the tens digit of x(9)?
9
Let x be 1/(-1) + -1 - 2. What is the tens digit of -2*x/8*19?
1
Suppose -2*w + 43 - 3 = 0. What is the units digit of w?
0
Suppose 165 = 5*f + 4*b, -134 = -3*f + b - 52. What is the tens digit of f?
2
Suppose a - 3*o = -12, 4 = -4*a + 2*o - 4. Suppose a*b = b. Suppose b*q - 12 = -q. What is the units digit of q?
2
Let n = 194 + -78. What is the tens digit of n?
1
Suppose -6*k - 91 = -31. What is the tens digit of (-8)/(-40) + (-338)/k?
3
Suppose -204 - 48 = -4*z. What is the tens digit of z?
6
Let v(k) = 3*k**2 + 7*k + 3. Let t(o) = -o**2 - 1. Let s(u) = 4*t(u) + v(u). Let h(l) = 1. Let q(n) = -5*h(n) - s(n). What is the units digit of q(8)?
4
What is the tens digit of 30 - (-1 + 1)*-1?
3
Suppose -4*w = 4*t - 0*w + 4, -5*w + 3 = -3*t. Let f = t + 3. What is the units digit of f?
2
Let b = 25 - 3. Let w be (2 - 3)/(2/8). What is the units digit of 31/11 - w/b?
3
Let j(x) = -2*x**2 - x**3 - 3 - 1 - x + 6. Let a = 84 + -87. What is the tens digit of j(a)?
1
Suppose -4*f + 3*b = -0*f - 2, -10 = -f - 4*b. Let t(g) = 6 - 2*g**2 + 3*g**2 + f - 4. What is the units digit of t(3)?
3
Let j(n) be the second derivative of -5/12*n**4 - 1/20*n**5 - 2/3*n**3 + n - 5/2*n**2 + 0. What is the units digit of j(-5)?
5
Suppose 1 = -3*q - 8. Let w = q + 14. What is the units digit of w?
1
Let p(q) = q**2 + 7*q + 8. Let z be p(-7). Suppose z*v = 7*v + 4. What is the units digit of v?
4
What is the units digit of 184/(-3)*(-3)/2?
2
Let z = 9 + -15. Suppose 2*q - 66 = -4*m, -3*q + 4 = -11. What is the units digit of (m/z - -2)*-6?
2
Let g = -74 - -114. What is the units digit of g?
0
Let l(k) = k**2 - k - 1. Let p be l(-1). Suppose 2*w - 3 - p = 0. What is the tens digit of -2 - (w + -13 - 2)?
1
Suppose -3*l - 2 + 14 = 0. Suppose 0 = -5*h - l*m + 25 + 4, 5*h + 2*m - 27 = 0. Suppose -46 = -h*n - 16. What is the units digit of n?
6
Let z = 12 - 2. Let w be (-1 - -4)*(-120)/18. What is the units digit of (w/25)/((-2)/z)?
4
What is the units digit of 40/(-10) + (-1 - -308)?
3
Let b = -330 - -494. What is the tens digit of b?
6
Let l(k) = 8*k + 1. Let h be l(-1). Let w = -5 - h. Suppose -5*t - w*y + 15 = 3*y, 2*t = 5*y + 41. What is the units digit of t?
8
Suppose 0 = -2*g + g + 3. What is the units digit of g?
3
Suppose 1 - 26 = -5*j. Suppose 4 = -j*r - 6. What is the units digit of (r/(-3))/((-2)/(-24))?
8
What is the tens digit of ((-540)/21)/(1/(-7))?
8
Let i(b) = -b**2 - 6*b - 7. Let z be i(-5). Let o be 1/z - 10/(-4). Suppose 4*u - 8 = o*v - 38, 4*v - 3*u = 35. What is the units digit of v?
5
Let s(i) = -4*i**2 + 2*i - 1. Let l be s(1). Let o be (-6)/4*62/l. Suppose 1 = 2*c - o. What is the units digit of c?
6
What is the tens digit of -2 + ((-2)/2 - -40)?
3
Suppose 4*c - 57 = 11. What is the tens digit of c?
1
Let h be 64/14 - (-3)/7. Suppose -68 - 32 = -h*q. What is the tens digit of q?
2
Let a = -84 + 60. Let k = 1 - a. What is the tens digit of k?
2
Let i = -40 + 91. What is the units digit of i?
1
Let n(m) be the second derivative of m**5/20 + m**4/3 - m**2 + 3*m. Let d be n(-3). What is the units digit of (0 - -1)/(1/d)?
7
Let a = 63 - 8. Suppose 4*o - 9*o + a = 0. What is the tens digit of o?
1
What is the hundreds digit of (-678)/9*12/(-8)?
1
Suppose -2*n = c - 32, 2*c + n - 55 = -0*c. What is the tens digit of 